of j(35).
2, 5, 71
Suppose -2*y - 2*z = -10540, -7*z + 2*z = -y + 5246. List the prime factors of y.
2, 2633
Let w be (-1 - (-10)/6)/((-38)/(-684)). What are the prime factors of 3/(927/(-2212) - w/(-28))?
2, 79
Let f be -2 + (3 - 1) + (9 - -4). What are the prime factors of -9 + f + 313 + -2?
3, 5, 7
Suppose 67317 = 28*r - 9*r. Suppose -5*f = 1138 - r. List the prime factors of f.
13, 37
Suppose 4*h = 4*o - 60, 4*o - 3*h - 48 - 12 = 0. Let b be -7*(1348/(-28) + 1). List the prime factors of (-2)/o + 18854/b.
3, 19
Suppose 15*s = 2*a + 13*s + 26, -4*s + 12 = a. Let k(i) = i**3 - 15 - 12 + 4 + 9*i**2 - 5*i. List the prime factors of k(a).
3
Let i = 24 - 12. Suppose 4*l - l - 15 = 0, w + 3*l = i. List the prime factors of -1 + (4 - 2) + 2 - w.
2, 3
Let v = 12370 + -2692. List the prime factors of v.
2, 3, 1613
Let m be 3*(3 - ((-56)/(-12) - -2)). Let a(i) = 2*i + 30. Let b be a(m). List the prime factors of b + -7 - (-2 - -9)*-11.
2, 3, 13
Suppose 0 = -3*g - h + 86385, 44*g - 49*g + 143973 = 2*h. What are the prime factors of g?
3, 29, 331
Let b be (2 + -3)/((-27)/1161). Suppose 5*s + 4*k - 2693 = 0, -47*s + b*s - k = -2150. What are the prime factors of s?
3, 179
Suppose 99*h - 250*h = -84*h - 47369. What are the prime factors of h?
7, 101
Suppose 12*r - 3033 = 9*r + 5*d, 3*r = d + 3045. What are the prime factors of r?
2, 127
Let r be 5/(-2) + -3 + (-6)/(-4). Let g(y) = -64*y + 32. What are the prime factors of g(r)?
2, 3
Let p(m) = -m**2 + 19*m - 17. Let o be p(12). Suppose 2*u = o + 181. Suppose -4*v + u = -104. List the prime factors of v.
3, 19
Let s = 11 + -6. Suppose 3*l + 184 = 2239. Suppose 0 = 5*d - s*w - l, -2*d - w = w - 254. What are the prime factors of d?
2, 3, 11
List the prime factors of (-11)/(-33)*(27705 + -30).
3, 5, 41
What are the prime factors of (43/(-5) - -9)*16340?
2, 19, 43
Let u = 103 + -91. Let x(g) = g**3 - 8*g**2 + 8*g - 104. List the prime factors of x(u).
2, 71
Suppose t - 2*t + 16 = 0. Suppose -2 = -9*b + t. List the prime factors of (-3)/6*(b - 224).
3, 37
List the prime factors of (-18)/6 - 11 - -47445.
47431
Let n(j) = -17325*j**3 + 46*j + 48. What are the prime factors of n(-1)?
17327
Suppose 5*q - 3*z = 40, 5*q - 5 = 4*z - 8*z. Suppose 1688 = 4*b - 4*x + q*x, -4 = -x. Let p = b + -240. List the prime factors of p.
181
Let p = 745 + 59. Let i = p + -265. What are the prime factors of i?
7, 11
Let j(g) = 1851*g - 6. Let a be j(1). Suppose -9*w = -a - 2952. List the prime factors of w.
13, 41
List the prime factors of -1 + 19 - (12 - 27439).
5, 11, 499
Suppose 27720 = 29*h + 2*h - 19*h. List the prime factors of h.
2, 3, 5, 7, 11
Suppose -6*x + 27 - 99 = 0. Let g be 1*-3 - 96/x. Suppose g*m = 25 + 220. What are the prime factors of m?
7
Let z(h) = -2 + 12*h + 3 - 62*h. Suppose -8*s + 3*m - 12 = -3*s, 2*s - 5*m = -1. List the prime factors of z(s).
151
What are the prime factors of (117/(-26) + 4)*(-6 + -55636)?
43, 647
Suppose 2*l - 26904 - 86514 = 3*k, 4*l + k - 226864 = 0. List the prime factors of l.
3, 5, 19, 199
Let z(b) = -4*b + 102. Let t be z(25). Let l(s) = 248*s + 3. List the prime factors of l(t).
499
Let c(j) = -j**2 + 252*j + 543. List the prime factors of c(44).
5, 7, 277
Let w be 2/(-3) - 21010/(-15). Suppose 4*q - 1364 = 4*d, w = 4*q + d + 4*d. Suppose 4*l - q = l. List the prime factors of l.
5, 23
Suppose -r + 334 = 2*u, 422*r - 423*r = -5*u + 821. What are the prime factors of u?
3, 5, 11
Suppose -16 + 36 = 5*j. Suppose 0 = -j*f + 5*m - 11, 2*f - 3*m = 2*m - 13. Let r = f - -34. List the prime factors of r.
5, 7
Suppose -10*a = -11*a. Suppose a = -u - 27 + 130. Let d = u - 45. List the prime factors of d.
2, 29
Let u = -84 + 42. Let v be (-2 - u)*20/8. Suppose 2*w - v = 174. What are the prime factors of w?
137
Let z be ((-32)/(-6))/((-5)/35385). Let t be z/(-40) + 1/((-5)/(-2)). Suppose -8*q + 304 = -t. List the prime factors of q.
2, 3, 13
Let q(w) = 329*w**2 + 1710*w + 6. What are the prime factors of q(-8)?
2, 3691
Suppose -46 = 2*l - 2*w + 4, -4*w = -l - 34. What are the prime factors of 1348*(-55)/l*(-2)/(-4)?
5, 337
Suppose 10*d + 688 = 718. Suppose -3*o + 0*o = -d*q + 2775, -935 = -q - 4*o. List the prime factors of q.
3, 103
Let u(z) = 55*z**2 - 197*z - 3090. What are the prime factors of u(-16)?
2, 3, 2357
Let o = -41 + 41. Suppose -v + 13 = 2*n, o = 4*v + 4*n - 46 - 26. Suppose 2*l - 29 = v. List the prime factors of l.
2, 13
Let i = -995 + 1669. Suppose -690 - i = -11*x. List the prime factors of x.
2, 31
What are the prime factors of (-18)/(-10) - 25938347/(-685)?
2, 9467
Let f = -116761 - -294826. What are the prime factors of (-2)/11 + f/165?
13, 83
Let r = 1318 + 2046. Suppose r = -22*o + 9832. List the prime factors of o.
2, 3, 7
Suppose -17*r - 16*r + 127490 = 5*r. What are the prime factors of r?
5, 11, 61
Let u(f) = 80*f - 961. List the prime factors of u(66).
7, 617
Suppose -4*m + 22*n - 24*n - 14 = 0, -23 = 5*m - 3*n. Let u(x) be the second derivative of 5*x**4/4 - 5*x**3/6 - 5*x**2 - 2*x. List the prime factors of u(m).
2, 5
Let g(z) = z**3 + 39*z**2 + 125*z + 42. What are the prime factors of g(-35)?
3, 7
Let r(v) = v**2 - 9*v + 2. Let s be 4/32 + (-71)/(-8). Let f be r(s). Suppose -f*a - 3*c - 51 = -4*a, 5*a - c - 147 = 0. List the prime factors of a.
2, 3, 5
Let l(n) = 5*n**2 + 83 - 10*n**2 - 128. Let z be l(11). List the prime factors of (z/(-39))/((-2)/(-6)).
2, 5
Suppose 3*o + 152 = -5*o. Let d = 23 + o. What are the prime factors of (2 - 7/d)/(2/808)?
101
Suppose 0 = -u - 3*k + 1094, 2*u - 4*k = -k + 2224. Let r = 2740 + -2734. Suppose r*l + l - u = 0. What are the prime factors of l?
2, 79
Suppose 0 = -2*h - 5*x + 3645, -53*h + 2*x = -50*h - 5458. What are the prime factors of h?
2, 5, 7, 13
Let v = 433 - 436. What are the prime factors of 11/((v + (-1326)/(-444))*-2)?
11, 37
Suppose 156*o + 168 = 148*o. What are the prime factors of (101 - -3) + (-14 - o)?
3, 37
Let w(a) = 12345*a**2 + 166*a. List the prime factors of w(-1).
19, 641
Let h(b) = -9*b + 168. Let i be (-16)/64 + (-214)/8. What are the prime factors of h(i)?
3, 137
Let s be (-16686)/63*-7*1. Suppose -5*p - 4*p = -s. Suppose -2*n + 5*i = -p, 2*i = 2*n - 77 - 123. What are the prime factors of n?
2, 7
Let j(m) = 2*m - 88. Let k be j(26). What are the prime factors of (-2)/9 - (13256/k - 0)?
2, 23
Suppose -57 = n - 0. Let q = n + 47. Let c = 24 + q. What are the prime factors of c?
2, 7
What are the prime factors of (-174)/(-696) + 146350/8?
2, 3, 3049
Let s(r) = 9*r**2 + 4*r - 4. Suppose -5*d + 26 = 6. Let n = d - 1. List the prime factors of s(n).
89
Suppose -4*a + 4*q + 60 = 0, 4*a + q = 138 - 53. Let x be a/(-25) + (-3738)/(-10). Let b = x + -196. List the prime factors of b.
3, 59
Suppose g - 9 = c, -2*g + 5*c + 26 = c. Suppose -6*o + 1022 = -g*o - q, -5*q + 2079 = 2*o. List the prime factors of o.
13, 79
Let o(k) = 253*k**2 + 68*k + 313. List the prime factors of o(-5).
2, 47, 67
Suppose 2*k - 2*l - 31368 = 0, 0 = 2*k + 7*l - 26280 - 5124. What are the prime factors of k?
2, 37, 53
Suppose -4*y + 3*t = -5465, 2*y + 14*t - 15*t = 2735. Let v = -308 + y. What are the prime factors of v?
2, 3, 59
Let t(b) = 390*b - 5634. List the prime factors of t(146).
2, 3, 17, 503
Let h(a) = 3*a**3 + 71*a**2 - 26*a - 31. Let k be h(-24). Suppose -k*c + 26188 = 9035. List the prime factors of c.
1009
Let j(b) = -b**3 + 10*b**2 + 10*b + 6. Let a be j(11). Let h be (a - 1)*(-464)/24. Suppose -464 = -h*d + 112*d. What are the prime factors of d?
2, 29
What are the prime factors of (2 + -3)*1 + (-10 + 16 - -28481)?
2, 14243
Let r(v) = -v**3 + 16*v**2 + 15*v + 9. Let h be r(16). Suppose p - 11 - h = 0. List the prime factors of p.
2, 5, 13
Suppose 152*o + 627645 = 3630709. List the prime factors of o.
23, 859
Let t(l) = 100*l**2 - l - 6. Suppose 18 = -8*m - 6. Let h be t(m). Suppose 2*z - h = -5*b + 284, z - 472 = -2*b. List the prime factors of b.
3, 79
Let t(k) = k**2 - 11*k - 21. Let j be t(13). Suppose -2760 = -j*d - 0*d. List the prime factors of d.
2, 3, 23
Let q = 246 - 244. Suppose -537 = -q*c + i + 2*i, 3*c - 4*i - 805 = 0. List the prime factors of c.
3, 89
Suppose -60 = -9*n + 4*n + 4*j, 0 = -5*n + 5*j + 60. Suppose n*u + 9774 = 30*u. What are the prime factors of u?
3, 181
Let d = -170 - -173. Suppo